 t(i) = y*i - 2 - i - 2*i. Give t(4).
-6
Let r(z) = z - 14. Let x be r(8). Let p(v) = v**3 + 7*v**2 + 8*v + 9. Give p(x).
-3
Let z(k) be the second derivative of k**3/3 + k**2 - 2*k. Let c = -2 - -4. Calculate z(c).
6
Let u(x) = 4*x**3 + 8*x**2 - 1. Let z(n) = 3*n**3 + 7*n**2 - 2. Let o(j) = -2*u(j) + 3*z(j). Calculate o(-3).
14
Suppose 5*d = 15, 2*i + 3*d = d - 4. Let s(x) = x - 1. Give s(i).
-6
Let b = 7 + -2. Let t(o) be the second derivative of -o**5/20 + 5*o**4/12 - o**3/3 + 2*o**2 + 3*o. Determine t(b).
-6
Let v(w) = -w + 2. Let t(z) = 1. Let h be -2 + (-2 - -5) + 0. Let y(b) = h*v(b) + 2*t(b). Suppose -206 = 9*q - 233. What is y(q)?
1
Let u be (-60)/9 - 2/(-3). Let w(y) = -3 + 2 + 5 - 5. Let j(i) = i + 7. Let m(d) = u*w(d) - j(d). Determine m(6).
-7
Let y(s) = -13*s**3 + 29*s**2 + 29*s - 9. Let b(x) = 3*x**3 - 7*x**2 - 7*x + 2. Let a(n) = 9*b(n) + 2*y(n). What is a(6)?
6
Let d(m) be the second derivative of 0 + m + 0*m**3 + 0*m**4 - 1/2*m**2 + 7/20*m**5. Suppose 2*h - 24 = -3*i - 11, 5*i - 23 = -2*h. What is d(h)?
-8
Let l(d) = 3*d + 3*d**3 - 5*d**3 + d**3 + 2*d**2 - 2. Let v(m) = -5*m - 37. Let r be v(-8). Calculate l(r).
-2
Let f = -10 + 13. Let z(n) = -3 + 4*n - 2 + f - n. Calculate z(-2).
-8
Suppose 0 = m + 3*m. Let k(y) = y**2 - 1 + 2*y + 2 + m*y. Calculate k(-4).
9
Let l(r) = r**2 - 9*r - 8. Let b be l(10). Let s(f) = -f - 2 + 6 + 8 - b. What is s(0)?
10
Let y = -15/4 + 229/60. Let h(s) be the third derivative of -1/2*s**3 - 1/120*s**6 - 1/6*s**4 + 0 - s**2 + 0*s - y*s**5. What is h(-3)?
0
Let n(h) be the third derivative of -7*h**5/60 + h**4/24 + h**3/6 - h**2. Let t be (-6)/(-33) - 42/(-11). Let i = -5 + t. Give n(i).
-7
Let y(g) = -g + 1. Let l be -3 - (4 - 3) - 0. What is y(l)?
5
Let l(d) = -4*d + 3. Let p be l(2). Let t = -3 - p. Let q(k) = 1 - t*k + k + 0 + 4*k. Determine q(3).
10
Let i(h) = 3*h - 2. Suppose -14 = -f + 3*t - 4*t, 0 = -t + 2. Let v be ((-2)/(-6))/(1/f). What is i(v)?
10
Suppose 2*c - 2 = -0*c + 2*h, 27 = -5*c - 3*h. Let x = c - -8. Let b(j) = 3*j**2 - 2*j**2 - 4*j + j - 4. Calculate b(x).
6
Let v(s) = s**2 - 4*s - 7. Let i = 5 + 0. What is v(i)?
-2
Let f(o) = o**2 - o - 3. Let b be f(3). Let c(l) = -4 + 4*l**2 + 7*l + b - 5*l**2 - 2*l. Determine c(6).
-7
Suppose -3*l + 4 = -2. Let y(v) = -1 - v - v + l*v - v. Let j(o) = 2*o**3 + 2*o**2 - o + 1. Let h be j(-2). Calculate y(h).
4
Let j(q) be the first derivative of -2*q**4/3 + q**3/6 + q**2/2 + 5*q + 4. Let g(d) be the first derivative of j(d). What is g(-1)?
-8
Let y(r) = 4 - 20*r + 21*r + 2. Determine y(-8).
-2
Let d(i) = -i + 2 - 2. Let s = 7 - 7. Let y be s*(-3)/(-6)*1. Calculate d(y).
0
Suppose -a + 2*a + 2 = 0. Let l = 0 - -2. Let i(q) = l + 3 - q**2 - 3 + 1 + 2*q. Give i(a).
-5
Suppose 5*s = -2*h + 3, -2*s - 4*h - 3 = -s. Suppose -y - s = -2*y. Let t(x) be the third derivative of -x**5/30 - x**3/6 - 7*x**2. Give t(y).
-3
Let a(j) be the third derivative of -j**7/840 - j**6/45 - 3*j**5/40 - j**4/3 + j**3/2 + j**2. Let s(n) be the first derivative of a(n). Calculate s(-7).
6
Suppose -8 = -0*k - 2*k - 4*j, -4*k + 3*j = -38. Suppose 3*u - k = 7*u. Let m(b) = 6*b - 1. Give m(u).
-13
Let d = 111 + -112. Let m(z) = 12*z**2 - z - 1. What is m(d)?
12
Let h(c) = 4*c + 3. Suppose 0 = 4*w - 2*p + 2, 0 = w + p - 2*p - 1. What is h(w)?
-5
Let f(w) be the second derivative of 3*w**7/280 + w**4/24 + w**3/3 - 6*w. Let v(q) be the second derivative of f(q). Let g be -3 - (0 + 2/(-1)). What is v(g)?
-8
Let z(p) = 2*p + 6 + 2*p + p**2 + 2*p - 2*p**2. Let u = 13 - 7. Calculate z(u).
6
Let s(a) be the third derivative of a**5/10 + a**4/8 + a**3/2 + 11*a**2. Give s(-2).
21
Let l(w) = w - 1. Suppose 0*y + 5*y + 30 = 5*g, 0 = -3*y - 12. Let h be (g/(-6))/((-11)/(-33)). Determine l(h).
-2
Suppose -2 = 6*g + 4. Let b(s) = 2*s**2 + 0*s**2 + s**2 + s. What is b(g)?
2
Suppose 2*t - 2 = t. Suppose -2*p = t*h - 3*h - 7, 4*p = -4*h - 4. Let v(r) = r**2 + 4*r + 1. Determine v(h).
-2
Suppose 4*c + 2*q = 8, 5*c + 2*q = -0*q + 8. Let a(i) = i**2 - 4 + i**3 - 3 - 1. Determine a(c).
-8
Let j(c) = 5*c**2 + 4*c - 4. Let p(g) be the third derivative of -g**5/15 - g**4/6 + g**3/2 + 3*g**2. Let o = -5 - 1. Let r(d) = o*p(d) - 5*j(d). What is r(5)?
-3
Suppose -9 = 4*r - 3*i, 4*i - 8 = -5*r + 4. Let p(a) = -7*a**3 - a**2 + a**2 + r*a**2. Calculate p(1).
-7
Let x = 48 - 45. Let y(w) be the third derivative of 2*w**2 + 0*w - 1/40*w**6 + 0 + 0*w**5 - 1/6*w**x + 0*w**4. Determine y(1).
-4
Let x(t) = 2*t**3 - 2*t**2 + 2*t - 1. Let f = 20 - 16. Suppose a - f = -3*a. Calculate x(a).
1
Let x(t) = 3. Let w(o) = -5. Let h(q) = 5*w(q) + 8*x(q). Let z(m) = 3*m + 5. Let k(b) = 4*h(b) + z(b). Give k(-3).
-8
Let s(a) = a + 1. Let u(q) = 4*q + 9. Let f(v) = -3*s(v) + u(v). Let b be f(-6). Let p(w) = b - 2 + w**2 - w**3 - w**2. Determine p(-2).
6
Let y(d) = 2*d - 9. Let i be (-6)/27 + (-130)/(-18). What is y(i)?
5
Let a(z) be the second derivative of z**8/6720 - z**7/360 + z**6/144 - z**4/12 - z. Let c(w) be the third derivative of a(w). What is c(6)?
-6
Let a = 17 + -17. Let g(n) = n**3 + n - 4. What is g(a)?
-4
Let x(p) = 5*p + 3. Let o(c) = -3*c + 6*c - 2*c + 1 + c. Suppose 0 = 5*w - w - 56. Let n(d) = w*o(d) - 6*x(d). Calculate n(-5).
6
Let b(x) = 2*x**3 + 3*x - 3. Let f be 4 + -1 + (-3 - -2). Give b(f).
19
Let r = 105 - 103. Let j(n) = -n - 1. Give j(r).
-3
Let x(i) = 2*i**2 - 4*i - 2. Let t be x(3). Let d(n) = -7*n + 10. Let k(g) = 3*g - 5. Let p(v) = 2*d(v) + 5*k(v). Determine p(t).
-1
Let a be (-114)/30 - (-2)/(-10). Let y be ((-6)/a)/((-6)/(-8)). Let r(d) = -2*d**y - d**2 + 2*d**2. Give r(-3).
-9
Suppose 5*o - 38 = -13. Let l(m) = -3*m**3 + 7*m**2 + 2*m - 7. Let k(d) = -2*d**3 + 3*d**2 + d - 3. Let t(p) = o*k(p) - 2*l(p). Determine t(1).
-3
Let z(d) = -d**3 + 4*d**2 - d. Let j be z(4). Let k(v) be the first derivative of v**3/3 + v**2 - 2. Give k(j).
8
Let g(w) be the first derivative of 2*w - 2 + 1/2*w**2. Give g(5).
7
Let z(q) = -5*q**3 + 10*q**2 + 3*q - 10. Let v(r) = 6*r**3 - 11*r**2 - 4*r + 11. Let u(h) = 6*v(h) + 7*z(h). Let k = -288 + 284. Calculate u(k).
8
Let q(g) = -g. Let y be q(-6). Let c(j) = 5*j - 16*j + 12*j. Determine c(y).
6
Suppose s - 13 = -10. Let b(j) = -3 + s + 2*j**3 - 3*j**3. Calculate b(1).
-1
Let h be (-10)/(-8) - 161/(-28). Let p(y) = -y**3 + 7*y**2 + 3*y - 3. What is p(h)?
18
Suppose 5*k + y = 51 - 16, -3*k + 8 = -2*y. Let c be (-3)/((-1)/(-8)*k). Let r(l) = l**3 + 5*l**2 + 3*l + 1. What is r(c)?
5
Let v(w) = -w - 3. Let k(y) = 4*y + 9. Let j(p) = 2*k(p) + 7*v(p). Determine j(4).
1
Suppose -3*x = 2*p + 5, -x + 3*x + 4 = -2*p. Let f = x - 3. Let o(h) be the first derivative of h**3/3 + 3*h**2/2 - h - 1. What is o(f)?
3
Let l be 1/((-2)/(-6)) - 1. Let a(z) = 6 - l - 3*z + 0. Determine a(4).
-8
Suppose -4*l - 3*n - 78 = 0, -4 = l - 4*n + 25. Let u = 15 + l. Let q(f) = -f - 7. What is q(u)?
-1
Let n(o) be the second derivative of o**4/12 - 10*o**2 + 42*o. Calculate n(0).
-20
Suppose -12 = u - 3*s, -6*u = -8*u - 2*s. Let n(j) = -j**3 - 3*j**2 + 2*j - 1. Give n(u).
-7
Let h(f) = -2*f. Suppose 5 = -3*r + 2*r. What is h(r)?
10
Let y(x) = x**2 - 2*x - 4. Let m be y(4). Let v(z) = -z + 4. Let a(l) = -l + 2. Let r(t) = -5*a(t) + 3*v(t). Give r(m).
10
Let f(w) = 2*w - 2. Let r(g) = 5*g - 6. Let o(z) = -8*f(z) + 3*r(z). Let h be o(-4). Let l(p) = -p - 3 - h*p + p. Determine l(-2).
1
Let n(b) = -b**2 + b - 6. Let j be n(0). Let d(l) = l + 12. Let k be d(-9). Let z(i) = i - i**k + 3*i - 5*i**2 + 2*i + i + 1. Determine z(j).
-5
Let d(t) = t + 1. Let o(r) = -3*r**2 - 9*r - 7. Let g(m) = 6*d(m) + o(m). Give g(-2).
-7
Suppose 0 = -0*x - 3*x + 6. Let j(y) be the second derivative of y**5/10 - y**4/12 - y**3/6 + y**2 - 29*y. What is j(x)?
12
Let u(h) = -h**3 - 2*h**2 + h + 1. Let n be u(-2). Let r = 5 + n. Suppose 3*b = b + p - 8, p = b + r. Let w(j) = j**2 + 2*j - 4. What is w(b)?
4
Let y(z) be the first derivative of 3*z**2 - 32. Determine y(1).
6
Let s(c) be the second derivative of c**5/20 - c**4/2 + c**3/2 + 7*c**2/2 + c. Let f be 6/(-21) - (-148)/28. Give s(f).
-3
Let w(r) = -2*r + 13 + 3*r - 5. Suppose -4*c = c. Determine w(c).
8
Let y(t) be the second derivative of t**4/12 + t**2/2 - 6*t. Determine y(-2).
5
Suppose -6*t - 35 = -t. Let g(f) = -f**2 - 5*f - 1. Give g(t).
-15
Suppose -5*i =